
Calculate the highest common divisor of 6228307 and 136.
17
What is the highest common factor of 313374 and 1218?
174
Calculate the highest common factor of 141843 and 11141.
13
What is the greatest common factor of 5745133 and 340?
17
What is the greatest common factor of 76 and 10886354?
38
What is the highest common divisor of 44 and 2517443060?
44
What is the highest common divisor of 76184 and 126736?
712
Calculate the greatest common factor of 1163711568 and 48.
48
What is the greatest common factor of 215227988 and 413?
59
What is the greatest common divisor of 480 and 6506565?
15
What is the greatest common divisor of 1974 and 2437818936?
1974
Calculate the greatest common factor of 192 and 146429376.
192
What is the greatest common divisor of 27 and 206831421?
27
What is the highest common factor of 128866803 and 39?
39
What is the greatest common divisor of 860074 and 5723162?
1882
Calculate the greatest common factor of 749 and 5522573.
7
What is the highest common factor of 9 and 86871663?
9
What is the greatest common factor of 235509579 and 3?
3
Calculate the greatest common divisor of 468 and 605618.
26
Calculate the highest common divisor of 1896 and 2586.
6
Calculate the greatest common divisor of 966909 and 8058.
51
What is the greatest common factor of 179606096 and 3484?
268
What is the highest common factor of 3824 and 3968?
16
What is the highest common factor of 85 and 53291685?
85
What is the greatest common divisor of 677144 and 129064?
1768
Calculate the highest common factor of 8 and 231802.
2
What is the greatest common divisor of 154154 and 343497?
77
Calculate the greatest common factor of 454060956 and 5652.
1884
Calculate the highest common factor of 3317 and 383718.
31
What is the highest common factor of 51 and 7652618?
17
Calculate the highest common factor of 18835949 and 242.
121
Calculate the greatest common factor of 81 and 73413054.
81
What is the highest common factor of 43218 and 352800?
882
Calculate the highest common factor of 7200 and 1508688.
144
Calculate the greatest common divisor of 155375 and 8525.
275
Calculate the highest common divisor of 85528025 and 220.
55
What is the greatest common factor of 357499192 and 248?
248
What is the greatest common divisor of 12531 and 230963038?
4177
Calculate the highest common divisor of 2678397 and 1439765.
1447
What is the greatest common factor of 4453 and 512644?
61
Calculate the greatest common factor of 125028 and 1424.
4
What is the highest common divisor of 168 and 7721343?
21
What is the highest common factor of 100 and 785770?
10
Calculate the greatest common factor of 1416650 and 40.
10
Calculate the highest common divisor of 283006581 and 156.
39
Calculate the greatest common divisor of 4366392 and 6360.
24
Calculate the greatest common divisor of 278597 and 271073.
209
Calculate the highest common factor of 71832597 and 36195.
7239
Calculate the greatest common divisor of 22689 and 409460820.
7563
What is the highest common factor of 191 and 464126753?
191
What is the greatest common factor of 1512 and 170331?
21
What is the greatest common factor of 876 and 47408901?
219
Calculate the greatest common factor of 552 and 62287224.
24
Calculate the greatest common divisor of 40567734 and 306.
18
Calculate the highest common divisor of 4239126 and 528.
6
Calculate the highest common factor of 25 and 22378975.
25
What is the greatest common divisor of 300 and 54427752?
12
Calculate the greatest common divisor of 2322 and 813751866.
2322
What is the greatest common factor of 332 and 47324359?
83
Calculate the highest common divisor of 7328074 and 182.
26
Calculate the greatest common divisor of 97488589 and 7469.
1067
Calculate the greatest common divisor of 34840 and 80847560.
2680
What is the highest common divisor of 37 and 91244701?
37
What is the greatest common factor of 146262 and 1862?
38
Calculate the greatest common divisor of 31565 and 2460.
5
Calculate the greatest common divisor of 130143 and 20397.
39
Calculate the highest common factor of 893924 and 40.
4
What is the highest common divisor of 1134275 and 4475?
25
Calculate the highest common factor of 19555547 and 2739.
913
What is the greatest common factor of 606 and 606260176?
202
What is the highest common divisor of 19195353 and 175975?
7039
Calculate the highest common factor of 12 and 10158093.
3
Calculate the highest common factor of 135475 and 666200.
25
Calculate the highest common factor of 113603973 and 63.
21
Calculate the greatest common factor of 201673941 and 868.
217
What is the greatest common divisor of 772 and 6287361?
193
What is the greatest common divisor of 27481493 and 23621?
1027
Calculate the greatest common divisor of 154 and 1985102.
14
Calculate the highest common factor of 195668 and 64.
4
Calculate the highest common factor of 11695 and 6155.
5
What is the greatest common divisor of 248913 and 16437477?
9219
What is the highest common factor of 2415 and 2360835?
345
What is the highest common factor of 1720 and 160280?
40
Calculate the highest common factor of 2522 and 1135109326.
2522
What is the highest common factor of 4921 and 234688?
19
Calculate the greatest common divisor of 139097 and 40414409.
4487
Calculate the highest common divisor of 20253800 and 1036.
1036
What is the greatest common factor of 304 and 45612692?
76
What is the highest common factor of 5802 and 3487969?
967
What is the highest common divisor of 15111377 and 15051?
173
Calculate the greatest common divisor of 310 and 1375710.
10
What is the greatest common divisor of 68474 and 13772654?
938
Calculate the highest common divisor of 96111 and 590.
59
What is the greatest common factor of 1287 and 6693102?
117
Calculate the highest common divisor of 417880 and 1190284.
1348
Calculate the greatest common divisor of 937400 and 5134200.
8600
Calculate the highest common divisor of 1316105 and 83979.
217
What is the greatest common factor of 479964 and 846?
282
What is the greatest common divisor of 4181 and 8684163?
113
What is the greatest common factor of 140306 and 7461204?
1922
What is the highest common divisor of 72 and 4311408?
24
Calculate the greatest common factor of 4101 and 84674714.
1367
What is the greatest common factor of 15821 and 1095?
1
Calculate the greatest common factor of 5896 and 14019080.
536
Calculate the greatest common factor of 8742 and 52638.
186
Calculate the highest common divisor of 461056 and 45824.
256
What is the greatest common divisor of 1511429221 and 58?
29
Calculate the greatest common factor of 45 and 2075175.
45
Calculate the highest common divisor of 8096 and 491084.
44
Calculate the highest common factor of 348 and 4777228.
116
What is the highest common factor of 22156441 and 1599?
41
Calculate the greatest common divisor of 70796040 and 41985.
4665
Calculate the highest common divisor of 325 and 457925.
325
What is the highest common factor of 165147 and 39?
3
Calculate the greatest common divisor of 151774 and 1925889.
2051
Calculate the highest common divisor of 15 and 5045379.
3
Calculate the greatest common factor of 62030 and 250.
10
What is the highest common divisor of 1427755 and 171?
19
What is the highest common divisor of 520999 and 57817?
323
What is the highest common divisor of 579759 and 24585?
447
Calculate the greatest common factor of 45268705 and 32623.
1717
Calculate the highest common factor of 264 and 57514644.
132
What is the highest common factor of 15291057 and 27264?
213
Calculate the highest common divisor of 12538602 and 5562.
1854
What is the highest common factor of 98993248 and 256?
32
Calculate the greatest common factor of 51334993 and 41.
41
What is the greatest common factor of 4408101 and 36?
9
Calculate the greatest common divisor of 10875 and 9271500.
375
Calculate the greatest common divisor of 60519980 and 460.
20
What is the greatest common factor of 1494038 and 126?
14
What is the greatest common divisor of 664534 and 7982?
26
Calculate the greatest common factor of 22364110 and 316.
158
Calculate the greatest common factor of 5952 and 19580096.
1984
What is the highest common factor of 493 and 2576537?
17
Calculate the greatest common factor of 591311 and 9401.
119
What is the greatest c